ppose -4*w = -12, -5*s - 25*w + 28*w = -171. Calculate the highest common divisor of s and q.
18
Let g = 10 - -12. Suppose -3*o = 0, g = 4*y + o - 42. Let m = y + -4. Calculate the highest common divisor of 60 and m.
12
Let t be ((-6)/15)/(6/(-4500)). Calculate the highest common divisor of 12 and t.
12
Let c be 5175/72 - 1/(-8). Calculate the greatest common divisor of 36 and c.
36
Suppose -10 + 4 = 3*a, 0 = 3*k - 4*a - 458. Suppose k = -3*p + 8*p. What is the greatest common factor of 210 and p?
30
Let v be 1*32/(-12)*-21. Let p be 7/v + 191/8. Let h(a) = 5*a - 2. Let j be h(2). Calculate the highest common factor of j and p.
8
Suppose 44 = 2*b + 6. Let j = 547 - 376. What is the highest common factor of j and b?
19
Suppose -5*o + 51 = 1. Let r = o - -22. Calculate the greatest common divisor of 80 and r.
16
Suppose 3*y - 7 = -2*h, -2*h - 2*y + 12 = 3*h. Calculate the highest common factor of 32 and h.
2
Suppose 16 = -9*m + 5*m. Let o = 8 - m. Suppose -60 = -2*s + s. Calculate the greatest common divisor of s and o.
12
Let s(f) = -f**2 + f + 27. Let v be s(0). Let n(g) = 6*g**2 + 213*g + 1230. Let r be n(-29). Calculate the highest common divisor of v and r.
9
Let a = -3 + 47. Suppose 4*j - 550 = -j. Calculate the highest common factor of a and j.
22
Suppose -36*a + 35*a = -17. What is the greatest common divisor of a and 14?
1
Suppose 58*u = -154 + 444. Let d be (1 + 4)*(-2)/(-5). What is the greatest common divisor of d and u?
1
Let d be (8/11)/((-2)/(-11)). Calculate the highest common factor of 92 and d.
4
Let t be (-1)/2 + (-51)/(-2). Let k(d) = -d**3 - 23*d**2 - 8*d - 9. Let w be k(-23). Calculate the greatest common divisor of w and t.
25
Let p be (-69)/(-12) + (-1)/(-4). Let f be ((8/(-3))/(-1))/(4/p). Calculate the greatest common factor of f and 44.
4
Let u be (-2)/(-5) + (-148)/(-5). Let h be (-12 - 0)/((-2)/3). Let c = h - 8. What is the greatest common divisor of c and u?
10
Suppose 21*h - 36*h = -315. What is the highest common factor of h and 42?
21
Let h(j) = -7*j - 10. Let f be h(-8). Suppose 3*v - 14 = f. Suppose t = 6*t - v. What is the greatest common factor of 2 and t?
2
Let n(b) = b**3 - 6*b**2 + 4. Let w be n(6). Let a(z) = -15*z + w*z - 12 + 8*z. Let t be a(-14). Calculate the greatest common divisor of 10 and t.
10
Let r(u) = -8*u - 4. Let x be r(-5). Suppose -d - 12 = -3*d. Let v = d + 6. What is the highest common factor of x and v?
12
Suppose 8*x + 17 = 5*n + 10*x, 0 = 4*n + 4*x - 4. Let s = -25 + 80. Calculate the greatest common divisor of s and n.
5
Let w = 14 + -4. Let c = -43 - -46. Suppose -2*q - 4*s = s - 5, 0 = -c*q - 5*s + 10. What is the greatest common factor of q and w?
5
Suppose 66*s = 75*s - 972. What is the highest common divisor of 102 and s?
6
Let h(y) = y**3 - 10*y**2 + y - 5. Let q be h(10). Suppose -q*g + 3*r + 53 = -6, r = g - 13. Let s = g - -10. Calculate the highest common factor of 10 and s.
10
Let v = -3289 + 5109. Calculate the highest common divisor of v and 20.
20
Suppose 614*q = 611*q + 1824. Calculate the greatest common divisor of q and 19.
19
Let a = 10 - -15. Suppose -4*c + 5*c + a = b, -5*c - 100 = -4*b. What is the greatest common factor of 250 and b?
25
Let w(g) = -3*g**3 - 21*g**2 - 5*g - 1. Let o(m) = -m**3 - 15*m**2 + m + 8. Let h be o(-15). Let a be w(h). Calculate the greatest common divisor of 17 and a.
17
Suppose 0 = -2*o + 6, 3*o = 4*b - o - 16. Let n = 213 + -136. What is the greatest common divisor of n and b?
7
Suppose 8*f + 20 = m + 6*f, m - 4*f - 10 = 0. Calculate the greatest common divisor of 1770 and m.
30
Suppose -4*d + 4*g = 32, 0 = -5*g + 3 + 2. Let s be (18/d)/(5/(-35)). Let y(a) = a - 4. Let i be y(6). What is the highest common factor of s and i?
2
Let i(q) be the first derivative of -9/2*q**2 - 5*q - 2. Let b be i(-7). Calculate the highest common factor of b and 29.
29
Let c(s) = s**3 + 7*s**2 - 5*s + 8. Let i be c(-7). Let g = i + -16. Calculate the highest common factor of 27 and g.
27
Let k be 0 - (-2)/(-2) - -163. Suppose -2*q = j - 5, 3*j - 3*q - 10 + 4 = 0. Suppose 0 = 2*x + j*x - 90. What is the greatest common factor of x and k?
18
Let z = -63 - -78. Let f be 126/z - ((-12)/(-10))/3. What is the highest common factor of 8 and f?
8
Let i(u) = 9*u**2 - 11*u - 4. Let l be i(-8). Suppose 3*w - 6*w + l = 0. What is the greatest common factor of w and 20?
20
Let v(j) = -52*j + 1108. Let u be v(12). What is the greatest common divisor of u and 44?
44
Suppose x = -2*m - 28, 0 = -4*m + 2*x + 9 - 65. Let u be 5/35 - 222/m. Calculate the greatest common factor of 176 and u.
16
Let k be 36*(5 - (-52)/(-12)). Let d(h) = h**2 - 5*h - 2. Let m be d(7). Calculate the highest common factor of k and m.
12
Suppose 0 = 4*d - 4, 3*u - 1606 = 4*d - 5*d. Calculate the greatest common factor of u and 5.
5
Suppose -3*c - 3 = -b + 3, -c + 30 = 5*b. Let x(z) = z**2 - 6. Let o be x(b). What is the highest common factor of o and 20?
10
Suppose 66 = 4*w - 2*m, 17 + 38 = 5*w + 3*m. Calculate the highest common factor of w and 64.
2
Let u be (392/(-42))/((-2)/3). Calculate the highest common divisor of 154 and u.
14
Suppose -5*p + 5*m = -26 - 104, 0 = -3*p + 5*m + 80. What is the highest common divisor of 100 and p?
25
Suppose 0 = 65*p - 9283 - 4237. Calculate the highest common divisor of 104 and p.
104
Let y(h) = -11*h - 18. Let q be y(-2). Suppose 2*t + 3*x = q*t - 14, -t = 3*x - 7. What is the highest common divisor of 21 and t?
7
Suppose -4*d = -5*q + 183 + 657, -5*q = 5*d - 840. Let j = 716 - 1276. Let t be j/(-24) - (-4)/6. Calculate the highest common divisor of q and t.
24
Let z = 108 - 102. Let h(c) = -c**2 - 20*c - 27. Let l be h(-15). What is the greatest common divisor of z and l?
6
Suppose -15*h = 2 - 347. Calculate the greatest common factor of 2 and h.
1
Let j = -35 + 37. Suppose -2*k + 18 = v, j*v - 3 = k - 7. What is the highest common divisor of k and 88?
8
Let g(j) = 2*j + 13. Let c be g(1). What is the highest common divisor of c and 75?
15
Let c(r) = -3*r**3 - r**2 + 3*r + 2. Let b be c(-2). Suppose 3*k - b = 65. What is the greatest common divisor of k and 243?
27
Suppose -59*h + 63*h = 232. What is the greatest common divisor of 638 and h?
58
Suppose q - 80 = 40. Let j = q - 66. Suppose -j = -6*v - 0. What is the greatest common factor of v and 18?
9
Let g(i) = 64*i + 1120. Let n be g(-17). What is the greatest common factor of n and 928?
32
Let l = -395 - -408. What is the highest common factor of 247 and l?
13
Suppose -8*k - 3*i - 11 = -10*k, 3*k + 3*i = 54. What is the highest common divisor of k and 377?
13
Let f = 318 + -308. Calculate the greatest common factor of 6 and f.
2
Let j(i) = -2*i + i + 3 - 2. Let z(h) = -2*h**2 + 4*h - 2. Let r(f) = -2*j(f) - z(f). Let b be r(-2). Calculate the highest common factor of b and 108.
12
Suppose 4*q - 181 = -3*i, 0 = -9*i + 4*i - 25. Suppose 3*k + 5*g = 12 - 44, -5*k = -3*g + 8. Let u = k + 11. Calculate the highest common divisor of q and u.
7
Suppose 2*m - 3*j - 6 = 0, 0*j + j + 12 = 4*m. Suppose -m*g = -32 - 4. Calculate the greatest common divisor of g and 18.
6
Suppose 3*z + 66 = 2*u, -2*z + 5 - 9 = 0. Let o be (-5944)/(-18) + 6/(-27). Calculate the greatest common divisor of u and o.
30
Suppose z + 112 = 5*s, -3*s + 5*z + 56 = 10*z. What is the highest common divisor of 55 and s?
11
Suppose 4*u - 34 = -2*t, -u - 4*t + 23 = 2*u. Let w = -85 - -103. Calculate the greatest common factor of w and u.
9
Let s be 12/5*20/6. Let o be (-141)/(-9) + (-8)/12. Let x be o + 8/4 + -5. What is the greatest common factor of x and s?
4
Let x be (2/(-2))/((-1)/9). Suppose -4*r + 23 = -x. What is the highest common divisor of 88 and r?
8
Let h(y) = -y**2 + 14*y - 20. Let i be h(12). Suppose -4*n + 3 = i*x - 3*x, 0 = 5*x - 3*n - 84. Calculate the highest common factor of x and 135.
15
Suppose 10 = 2*a, 11 = 3*z - a - 20. Calculate the greatest common divisor of z and 84.
12
Suppose -2*u + h + 21 = 0, 0 = 52*u - 51*u - 2*h - 15. What is the highest common factor of 201 and u?
3
Let k(p) = 37*p**2 + 4*p + 4. Let y be k(-2). Let l = -303 - -399. Calculate the greatest common divisor of l and y.
48
Let h(r) = r**3 - 39*r**2 - 40*r + 9. Let n be h(40). Calculate the greatest common factor of 243 and n.
9
Suppose 0 = -2*j -